15) to base 16
208c
-2ba (base 13) to base 16
-1eb
Convert 880 (base 10) to base 2.
1101110000
What is -240 (base 8) in base 14?
-b6
What is -18e (base 16) in base 7?
-1106
Convert 1a13 (base 11) to base 7.
10310
-167 (base 13) to base 12
-192
Convert -10201212 (base 3) to base 6.
-20335
Convert 131440 (base 8) to base 12.
22654
What is 3b7 (base 15) in base 2?
1101001111
Convert 42533 (base 8) to base 3.
220100121
What is 8ee (base 16) in base 10?
2286
-1402 (base 8) to base 14
-3d0
-2a (base 16) to base 9
-46
7195 (base 11) to base 9
14072
Convert 131050 (base 6) to base 14.
44aa
Convert -331003 (base 5) to base 14.
-420a
Convert -731 (base 8) to base 6.
-2105
-4978 (base 13) to base 10
-10408
-25172 (base 8) to base 13
-4c46
-1202202 (base 3) to base 13
-782
Convert -208b (base 16) to base 7.
-33201
Convert -109 (base 10) to base 15.
-74
Convert -766 (base 10) to base 4.
-23332
Convert 3cc (base 14) to base 2.
1100000000
Convert 3841 (base 10) to base 13.
1996
What is -12223 (base 4) in base 16?
-1ab
Convert -123 (base 12) to base 3.
-20100
Convert -312 (base 13) to base 15.
-24c
Convert -7282 (base 9) to base 12.
-310b
Convert 76 (base 12) to base 13.
6c
What is 2213 (base 7) in base 15?
37e
What is 2ca (base 13) in base 15?
239
4c3 (base 16) to base 6
5351
What is 168 (base 12) in base 5?
1344
Convert -32052 (base 6) to base 14.
-182c
What is -417 (base 9) in base 6?
-1324
What is 336a (base 13) in base 12?
41aa
What is 81cc (base 16) in base 11?
22a68
What is 17365 (base 14) in base 2?
1110001110111101
3865 (base 11) to base 5
130112
53 (base 8) to base 2
101011
What is 3013 (base 5) in base 7?
1055
What is -10b2 (base 13) in base 6?
-14502
Convert 13e4 (base 16) to base 7.
20563
Convert -22122110 (base 3) to base 15.
-1d03
Convert -101111001110011 (base 2) to base 16.
-5e73
What is bb9c (base 13) in base 3?
1022212201
-14 (base 13) to base 11
-16
23d1 (base 14) to base 15
1cc4
What is -213 (base 16) in base 10?
-531
What is -2162 (base 7) in base 11?
-649
-1000010111001 (base 2) to base 7
-15324
143345 (base 6) to base 7
55034
What is -24416 (base 9) in base 4?
-3333321
Convert 4d89 (base 15) to base 14.
6066
-110111011001111 (base 2) to base 4
-12323033
-370a (base 13) to base 7
-31460
Convert -24412 (base 10) to base 13.
-b15b
What is 104 (base 6) in base 13?
31
What is -312441 (base 5) in base 4?
-2202003
What is 10020002121 (base 3) in base 14?
191d3
What is 110001110101100 (base 2) in base 9?
38001
What is 4b68 (base 15) in base 11?
11092
1785 (base 10) to base 2
11011111001
Convert 4600 (base 10) to base 5.
121400
Convert 4121303 (base 5) to base 6.
1234314
Convert -11011001211 (base 3) to base 16.
-13f21
What is 2277 (base 9) in base 4?
122122
Convert -2 (base 16) to base 10.
-2
Convert 20210210 (base 3) to base 13.
2349
214422 (base 6) to base 8
42716
30112 (base 4) to base 8
1426
81c (base 14) to base 7
4435
-2668 (base 9) to base 8
-3726
Convert 2100201 (base 4) to base 11.
6a49
Convert 122102022 (base 3) to base 4.
3012122
What is -24e (base 16) in base 10?
-590
Convert -1362 (base 9) to base 2.
-10000000100
What is 11231 (base 4) in base 5?
2430
Convert 2241 (base 6) to base 16.
211
Convert e7b8 (base 15) to base 12.
24432
Convert -101101011101000 (base 2) to base 15.
-6d67
What is 29c (base 13) in base 4?
13103
-1111001011 (base 2) to base 10
-971
What is -6aa6 (base 11) in base 2?
-10010001100000
What is 574 (base 14) in base 8?
2072
Convert 90b (base 12) to base 15.
5c2
Convert -23157 (base 9) to base 6.
-155254
Convert 43 (base 6) to base 5.
102
What is 5052 (base 7) in base 16?
6d8
Convert -189 (base 15) to base 10.
-354
What is -10100001010101 (base 2) in base 10?
-10325
What is 10011111100 (base 2) in base 10?
1276
-22152 (base 8) to base 10
-9322
What is e81 (base 16) in base 9?
5075
261 (base 13) to base 2
110100001
29aa (base 12) to base 5
124012
-7293 (base 12) to base 15
-3a80
What is 1b6 (base 15) in base 6?
1500
Convert -34727 (base 11) to base 12.
-2500b
What is -123321 (base 4) in base 16?
-6f9
-26406 (base 8) to base 12
-6806
What is -2320 (base 9) in base 8?
-3267
What is 101112222 (base 3) in base 2?
1111000001110
13211 (base 11) to base 12
ab20
What is -a144 (base 11) in base 14?
-4cab
Convert -122224 (base 5) to base 12.
-2869
Convert 2607 (base 8) to base 2.
10110000111
Convert -79d0 (base 15) to base 2.
-110010011110101
Convert 734 (base 8) to base 14.
260
What is 3b1 (base 12) in base 2?
1000110101
Convert 414420 (base 5) to base 3.
200211201
What is 576 (base 9) in base 14?
25c
Convert -212111 (base 3) to base 13.
-39a
-51e (base 16) to base 7
-3551
Convert 1111102 (base 4) to base 2.
1010101010010
15333 (base 6) to base 10
2505
What is -2000021 (base 3) in base 9?
-2007
What is -1640 (base 12) in base 5?
-41030
Convert -82b (base 12) to base 14.
-60b
What is 476 (base 10) in base 11?
3a3
-10310 (base 5) to base 8
-1301
3232 (base 10) to base 12
1a54
What is 4452 (base 10) in base 6?
32340
-11201 (base 3) to base 11
-106
What is -24c (base 14) in base 3?
-122001
Convert 204203 (base 5) to base 4.
1222103
13763 (base 11) to base 16
4c5e
Convert -aa0 (base 14) to base 6.
-13420
What is -510b (base 12) in base 4?
-2021123
What is -846 (base 9) in base 15?
-310
Convert 416d (base 15) to base 5.
420303
What is c1 (base 14) in base 13?
100
What is 8728 (base 13) in base 15?
587d
-4057 (base 10) to base 4
-333121
Convert -10501 (base 7) to base 5.
-41042
-130430 (base 5) to base 7
-20625
-13264 (base 15) to base 3
-10010002011
Convert -251524 (base 6) to base 9.
-33707
Convert -1230001 (base 4) to base 12.
-4001
What is 6227 (base 8) in base 13?
160c
Convert -100110111001 (base 2) to base 7.
-10154
What is -114152 (base 8) in base 4?
-21201222
-7514 (base 12) to base 13
-5ac1
Convert -530 (base 16) to base 3.
-1211012
Convert -101001101 (base 3) to base 13.
-3448
Convert a50 (base 13) to base 11.
1356
What is -23322 (base 8) in base 2?
-10011011010010
What is 1230313 (base 5) in base 14?
8985
Convert -4c (base 15) to base 11.
-66
What is -6748 (base 13) in base 2?
-11100001011001
What is 31744 (base 9) in base 2?
101001000011011
Convert -4402 (base 5) to base 13.
-374
-12cb5 (base 13) to base 12
-183b7
What is 159 (base 10) in base 6?
423
What is 2000101 (base 3) in base 16?
5bc
13300 (base 6) to base 15
91c
What is -1110100101110 (base 2) in base 8?
-16456
-132b (base 13) to base 10
-2741
-21224 (base 10) to base 6
-242132
1102022120 (base 3) to base 14
a273
What is 4231401 (base 5) in base 6?
1304003
-8800 (base 10) to base 16
-2260
What is -830 (base 14) in base 6?
-11242
What is -566 (base 14) in base 2?
-10000101110
What is -256 (base 15) in base 10?
-531
-137b (base 16) to base 5
-124422
-2401 (base 7) to base 11
-733
Convert -80a7 (base 12) to base 3.
-201010201
What is -510 (base 9) in base 7?
-1131
Convert -10010111010 (base 2) to base 15.
-55a
-702 (base 12) to base 10
-1010
-2282a (base 12) to base 11
-31712
What is 124133 (base 5) in base 9?
6664
-2000000021 (base 3) to base 12
-1a951
Convert 31b2 (base 15) to base 4.
2210111
Convert 1202122 (base 4) to base 5.
200143
What is -101101100000 (base 2) in base 12?
-1828
52427 (base 9) to base 14
c884
Convert 15430 (base 11) to base 6.
244553
Convert 54a (base 13) to base 3.
1020121
What is -1001100 (base 3) in base 4?
-23331
22a70 (base 12) to base 2
1011010101110100
12a0 (base 16) to base 14
1a48
What is -8917 (base 10) in base 14?
-336d
b165 (base 13) to base 16
5f63
Convert -12201333 (base 4) to base 9.
-40623
10a (base 15) to base 16
eb
645 (base 9) to base 8
1017
What is 147 (base 11) in base 9?
211
What is -428 (base 10) in base 11?
-35a
Convert -aaa2 (base 16) to base 6.
-534122
777 (base 12) to base 4
101023
What is -10101110011 (base 2) in base 15?
-630
What is -34a (base 13) in base 5?
-4234
Convert -3311 (base 5) to base 10.
-456
-55a5 (base 13) to base 8
-27275
-4dc8 (base 15) to base 10
-16613
61c4 (base 15) to base 6
235351
What is -31c (base 13) in base 16?
-214
Convert 325e (base 16) to base 13.
5b3b
-1953 (base 11) to base 8
-4656
Convert 6300 (base 7) to base 16.
89d
1732 (base 9) to base 2
10100101101
Convert 41 (base 7) to base 16.
1d
What is 3869 (base 14) in base 15?
2de8
What is -2874 (base 12) in base 13?
-21a3
Convert 2